23?
11
Calculate the remainder when 2513487 is divided by 2469.
45
What is the remainder when 7588569 is divided by 261?
255
What is the remainder when 7266840 is divided by 3633203?
434
What is the remainder when 135568 is divided by 8471?
32
What is the remainder when 24783736 is divided by 14?
12
What is the remainder when 30081 is divided by 23097?
6984
Calculate the remainder when 110910 is divided by 2265.
2190
Calculate the remainder when 28680510 is divided by 49.
26
What is the remainder when 10375953 is divided by 2315?
123
Calculate the remainder when 1006865 is divided by 1505.
20
What is the remainder when 6069496 is divided by 1441?
4
What is the remainder when 71580 is divided by 1665?
1650
Calculate the remainder when 8872337 is divided by 2218070.
57
Calculate the remainder when 17692069 is divided by 5.
4
Calculate the remainder when 538503 is divided by 5040.
4263
What is the remainder when 13363842 is divided by 1493?
1492
Calculate the remainder when 1033920 is divided by 373.
337
Calculate the remainder when 18647 is divided by 982.
971
What is the remainder when 2161455 is divided by 3169?
197
Calculate the remainder when 5520 is divided by 5476.
44
Calculate the remainder when 16772295 is divided by 5590759.
18
Calculate the remainder when 1418349 is divided by 67540.
9
Calculate the remainder when 4188914 is divided by 157.
154
What is the remainder when 3038316 is divided by 74105?
11
Calculate the remainder when 48695 is divided by 24195.
305
What is the remainder when 4018504 is divided by 251153?
56
Calculate the remainder when 143653 is divided by 3579.
493
What is the remainder when 451597 is divided by 230?
107
What is the remainder when 137487 is divided by 134272?
3215
What is the remainder when 23081269 is divided by 540?
49
What is the remainder when 44361778 is divided by 10?
8
What is the remainder when 41010270 is divided by 4556695?
15
Calculate the remainder when 10449722 is divided by 7752.
26
What is the remainder when 492428 is divided by 2633?
57
Calculate the remainder when 29373341 is divided by 778.
729
What is the remainder when 9487198 is divided by 800?
798
What is the remainder when 59550607 is divided by 52?
51
What is the remainder when 5762913 is divided by 887?
74
What is the remainder when 35982808 is divided by 138?
136
Calculate the remainder when 11641318 is divided by 22.
18
What is the remainder when 14260825 is divided by 10?
5
Calculate the remainder when 3078401 is divided by 1063.
1016
What is the remainder when 3118933 is divided by 58?
41
Calculate the remainder when 48723121 is divided by 4944.
1
Calculate the remainder when 31926147 is divided by 90.
87
What is the remainder when 302384 is divided by 100753?
125
Calculate the remainder when 15821436 is divided by 1582140.
36
What is the remainder when 2455775 is divided by 323?
6
What is the remainder when 8552375 is divided by 5767?
5681
Calculate the remainder when 879158 is divided by 39956.
126
What is the remainder when 279518 is divided by 4582?
16
What is the remainder when 41754 is divided by 363?
9
What is the remainder when 1612478 is divided by 403007?
450
Calculate the remainder when 7800109 is divided by 89656.
37
Calculate the remainder when 17337579 is divided by 69074.
5
Calculate the remainder when 25214 is divided by 1577.
1559
What is the remainder when 3633172 is divided by 2978?
12
What is the remainder when 6017706 is divided by 1037?
1032
What is the remainder when 757856 is divided by 717?
704
Calculate the remainder when 106128784 is divided by 35376249.
37
Calculate the remainder when 15957679 is divided by 755.
754
What is the remainder when 858187 is divided by 1421?
1324
Calculate the remainder when 7847040 is divided by 356683.
14
Calculate the remainder when 30162998 is divided by 1062.
74
Calculate the remainder when 29407748 is divided by 363.
29
Calculate the remainder when 114997 is divided by 114662.
335
Calculate the remainder when 193015 is divided by 192918.
97
Calculate the remainder when 4047545 is divided by 289109.
19
What is the remainder when 1476 is divided by 740?
736
Calculate the remainder when 190390 is divided by 27179.
137
Calculate the remainder when 71291085 is divided by 57.
45
What is the remainder when 3954772 is divided by 439417?
19
What is the remainder when 125063 is divided by 4067?
3053
Calculate the remainder when 442495089 is divided by 636.
633
Calculate the remainder when 58694719 is divided by 1120.
1119
Calculate the remainder when 133893 is divided by 2614.
579
What is the remainder when 3642969 is divided by 46?
45
What is the remainder when 4089417 is divided by 3507?
255
What is the remainder when 2029234 is divided by 347?
325
Calculate the remainder when 3134199 is divided by 111935.
19
What is the remainder when 230365 is divided by 1226?
1103
What is the remainder when 1034654 is divided by 4976?
4622
What is the remainder when 1395627 is divided by 1542?
117
Calculate the remainder when 116019 is divided by 38177.
1488
What is the remainder when 1571228 is divided by 7270?
908
Calculate the remainder when 1097945 is divided by 4.
1
Calculate the remainder when 1786 is divided by 1571.
215
Calculate the remainder when 78353 is divided by 3161.
2489
Calculate the remainder when 202317 is divided by 202277.
40
What is the remainder when 71038 is divided by 2545?
2323
What is the remainder when 3914420 is divided by 17019?
50
Calculate the remainder when 2319562 is divided by 268.
22
Calculate the remainder when 509413 is divided by 7174.
59
Calculate the remainder when 1422005 is divided by 16341.
338
What is the remainder when 12812927 is divided by 12812907?
20
What is the remainder when 71686 is divided by 1327?
28
Calculate the remainder when 508889 is divided by 134.
91
What is the remainder when 792003 is divided by 60923?
4
What is the remainder when 5573485 is divided by 344?
341
What is the remainder when 6413072 is divided by 1068841?
26
What is the remainder when 21354074 is divided by 399?
392
Calculate the remainder when 35445984 is divided by 35445983.
1
What is the remainder when 4129787 is divided by 74?
69
What is the remainder when 1048448040 is divided by 9?
6
Calculate the remainder when 157453 is divided by 4847.
2349
What is the remainder when 29977995 is divided by 1086?
51
Calculate the remainder when 45803 is divided by 9741.
6839
Calculate the remainder when 18111804 is divided by 1979.
1975
What is the remainder when 32425153 is divided by 35?
33
Calculate the remainder when 5609826 is divided by 4.
2
What is the remainder when 52124 is divided by 12616?
1660
What is the remainder when 6103 is divided by 680?
663
What is the remainder when 4155118 is divided by 48?
46
What is the remainder when 2527668 is divided by 421277?
6
Calculate the remainder when 2118 is divided by 401.
113
What is the remainder when 12234064 is divided by 23?
19
Calculate the remainder when 249834 is divided by 49930.
184
What is the remainder when 55529 is divided by 590?
69
Calculate the remainder when 258111 is divided by 36419.
3178
What is the remainder when 8317903 is divided by 954?
931
Calculate the remainder when 122651 is divided by 704.
155
Calculate the remainder when 54107634 is divided by 2923.
2904
Calculate the remainder when 156104 is divided by 793.
676
Calculate the remainder when 172969 is divided by 21609.
97
Calculate the remainder when 2283 is divided by 105.
78
Calculate the remainder when 2737566 is divided by 38.
8
Calculate the remainder when 170038380 is divided by 1071.
1065
Calculate the remainder when 1323385 is divided by 3529.
10
What is the remainder when 14428536 is divided by 270?
6
What is the remainder when 25286 is divided by 1596?
1346
What is the remainder when 68965 is divided by 93?
52
What is the remainder when 3242085 is divided by 38142?
15
Calculate the remainder when 90879 is divided by 4837.
3813
What is the remainder when 1067994534 is divided by 119?
117
Calculate the remainder when 8030475 is divided by 2676803.
66
What is the remainder when 2979845 is divided by 2560?
5
What is the remainder when 2578032 is divided by 1288910?
212
Calculate the remainder when 32480446 is divided by 39.
37
Wha